.
1
Let h(u) = 3482*u + 6868. Give h(-2).
-96
Let o(z) = 100*z**3 + 1001*z**2 + 21*z + 132. What is o(-10)?
22
Let j(u) = -3753*u - 1857735. Calculate j(-495).
0
Let g(l) = -3*l**3 - 75*l**2 + 137*l + 3578. Determine g(-25).
153
Let m(n) = -291*n**2 + 4550*n + 9105. Determine m(-2).
-1159
Let i(w) = -10*w**2 - 15204*w - 706758. Calculate i(-48).
-6
Let s(y) = 4*y**3 + 26*y**2 + 1591*y + 15126. Determine s(-9).
-3
Let j(n) = -n**2 + 315795*n - 1578951. Determine j(5).
-1
Let p(l) = 26*l**2 + 95182*l - 95182. What is p(1)?
26
Let i(u) = -27659*u + 553216. Determine i(20).
36
Let x(w) = -18*w**2 - 335*w + 177. Determine x(-19).
44
Let n(z) = 179*z**3 - 3761*z**2 + 40*z + 59. Give n(21).
17
Let i(q) = 2*q**3 - 93*q**2 - 139*q - 335. Give i(48).
-95
Let c(b) = 4*b**3 + 255*b**2 + 331*b + 8902. Calculate c(-63).
-44
Let u(b) = -2238*b + 38271. Calculate u(17).
225
Let q(f) = -5576*f + 239770. Determine q(43).
2
Let y(m) = 428*m + 97550. Calculate y(-228).
-34
Let x(o) = -9208*o - 8532. What is x(-1)?
676
Let l(r) = r**2 + 2*r - 204. Calculate l(18).
156
Let m(d) = 2*d**3 - 47*d**2 - 13*d + 49. Calculate m(24).
313
Let k(f) = -76*f**2 - 1998*f - 57. Give k(-27).
-1515
Let j(p) = 71*p**2 + 7115*p + 8506. Determine j(-99).
-8
Let v(n) = -502*n**2 + 2473*n + 61. Calculate v(5).
-124
Let l(k) = -2281*k - 2344. Determine l(-1).
-63
Let u(h) = -1425*h - 28514. What is u(-20)?
-14
Let p(u) = u**2 + 226*u + 215. Determine p(-225).
-10
Let w(i) = -11649*i + 792137. Give w(68).
5
Let c(w) = 164615*w + 6255388. What is c(-38)?
18
Let l(p) = -209*p**3 + 56*p - 115. What is l(2)?
-1675
Let s(g) = g**2 - 132*g + 4025. What is s(84)?
-7
Let j(c) = -1435*c - 93278. Give j(-65).
-3
Let t(d) = d**2 - 97349*d - 4285303. Calculate t(-44).
-11
Let p(k) = 3332*k - 296666. Give p(89).
-118
Let c(n) = 2*n**3 - 88*n**2 + 802*n + 156. Calculate c(31).
32
Let n(g) = -g**3 + 137*g**2 - 2034*g - 35792. Calculate n(117).
10
Let b(k) = 263*k**2 - 6532*k + 11094. Give b(23).
-15
Let o(c) = -13*c + 916. What is o(50)?
266
Let x(g) = -15*g**2 - 93*g - 5. What is x(-7)?
-89
Let g(l) = -633842*l + 13310682. Calculate g(21).
0
Let l(x) = 11941*x + 92092. What is l(-8)?
-3436
Let g(l) = l**3 + 97*l**2 + 595*l + 10887. Calculate g(-92).
-1533
Let n(b) = b**3 - 175*b**2 + 350*b - 307. Calculate n(173).
385
Let f(i) = -7063*i - 1349039. Determine f(-191).
-6
Let v(d) = 1785*d - 30376. Give v(17).
-31
Let j(d) = -3*d**3 - 2*d**2 - 54*d + 97. Calculate j(-6).
997
Let r(z) = -4*z**2 + 446*z - 3596. Determine r(9).
94
Let r(g) = 71829*g + 1005606. Calculate r(-14).
0
Let m(o) = 7250*o + 2370758. Give m(-327).
8
Let u(l) = 214455*l - 9864926. Determine u(46).
4
Let a(s) = -9484*s - 11437703. What is a(-1206)?
1
Let k(g) = -g**2 + 64*g + 93. Determine k(71).
-404
Let i(s) = -4*s**2 - 139*s - 100. Calculate i(-37).
-433
Let d(a) = -49*a**3 + 15432*a**2 + 942*a + 946. Calculate d(315).
1
Let u(s) = 4*s**2 - 8381*s - 67242. What is u(-8)?
62
Let m(k) = 9*k**3 - 557*k**2 - 54*k - 283. Determine m(62).
213
Let w(u) = 2*u**3 + 423*u**2 - 1339*u - 238977. Give w(-212).
-53
Let z(c) = -2*c**3 + 62*c**2 + 72*c + 121. Give z(32).
377
Let t(s) = -19*s**2 - 4864*s - 23970. Determine t(-5).
-125
Let v(z) = z**2 - 5750*z - 927423. What is v(-157)?
-24
Let z(l) = 80*l**2 - 23*l - 100. What is z(-1)?
3
Let d(i) = -i**2 - 495*i + 17440. Determine d(33).
16
Let g(x) = 8*x**2 - 1549*x + 4364. Calculate g(191).
353
Let c(l) = l**3 + 97*l**2 + 53*l - 150. What is c(1)?
1
Let l(g) = -375*g + 5669. Give l(8).
2669
Let j(u) = u**2 - 230*u - 347. Give j(0).
-347
Let p(a) = -17726*a - 106286. Determine p(-6).
70
Let x(h) = -h**3 + 25*h**2 - 235*h + 759. What is x(6)?
33
Let d(g) = g**3 - 122*g**2 + 709*g - 84. What is d(6)?
-6
Let j(y) = -9*y**3 - 306*y**2 + 25*y + 205. What is j(-34)?
-645
Let x(d) = d**3 + 30*d**2 - 316*d - 4602. Give x(-13).
2379
Let d(g) = -1656*g + 8769. Determine d(5).
489
Let h(p) = 17817*p + 178251. Calculate h(-10).
81
Let y(p) = -573*p + 3431. Determine y(3).
1712
Let j(c) = 99*c**3 + c**2 - 3523*c - 3524. What is j(-1)?
-99
Let d(i) = -12*i**2 + 728*i + 236. Give d(61).
-8
Let b(k) = k**3 - 138*k**2 - 1139*k - 4008. Give b(146).
226
Let y(i) = 8530*i - 1160078. Calculate y(136).
2
Let m(f) = 4*f**3 + 41*f**2 + 14*f + 42. Give m(-10).
2
Let r(q) = -3*q**3 - 5423*q**2 + 309253*q - 9317. Calculate r(-1863).
-2
Let x(n) = 1609*n + 3278. Give x(-2).
60
Let q(v) = 5498*v + 111534. Calculate q(-20).
1574
Let x(s) = -22623*s - 45211. Give x(-2).
35
Let q(l) = 653*l + 5902. What is q(-9)?
25
Let m(i) = 7*i**3 - 7874*i**2 + 6745*i - 1124. Determine m(1124).
0
Let q(s) = -2*s**3 + 59*s**2 + 21*s + 2045. What is q(31)?
-187
Let d(v) = 227*v + 82327. Calculate d(-367).
-982
Let x(g) = g**3 - 63*g**2 - 254*g + 22477. Determine x(61).
-459
Let r(l) = -5084*l - 391445. Determine r(-77).
23
Let f(r) = -287*r**3 - 3*r**2 - 6*r + 7. What is f(1)?
-289
Let k(w) = 930*w - 5334. Determine k(6).
246
Let d(u) = -230*u + 1975. Calculate d(9).
-95
Let a(o) = -4*o**2 - 724*o + 4486. Determine a(6).
-2
Let o(i) = 3*i**2 - 38190*i - 76376. Calculate o(-2).
16
Let z(b) = -1470*b + 261735. Calculate z(178).
75
Let k(l) = 7*l**2 + 495*l + 145. Determine k(-71).
287
Let d(l) = -965*l - 4403. What is d(-4)?
-543
Let b(z) = -z**3 - 94*z**2 - 1937*z - 1109. What is b(-64)?
-21
Let w(f) = -104*f - 671. Calculate w(7).
-1399
Let h(m) = -71*m**2 - 188*m - 5. Give h(-2).
87
Let r(c) = 4*c**2 - 124*c - 4425. Give r(-21).
-57
Let g(c) = -7*c**2 + 951*c - 7160. What is g(8)?
0
Let j(c) = 431*c**2 + 26728*c + 399. Calculate j(-62).
27
Let s(g) = -500*g**2 + 151007*g - 2119. Give s(302).
-5
Let p(k) = 2*k**3 - 354*k**2 + 9939*k. Determine p(35).
-35
Let c(s) = 9522*s + 209753. Determine c(-22).
269
Let q(d) = 30*d**3 - 6*d**2 - 566*d + 1145. Calculate q(2).
229
Let j(d) = 4*d**2 - 14273*d - 128783. What is j(-9)?
-2
Let m(s) = 445*s**2 - 57031*s + 9094. What is m(128)?
6
Let o(j) = 2*j**3 + 414*j**2 - 852*j - 3359. Give o(-209).
-15
Let d(b) = -1197*b - 2884. Calculate d(-3).
707
Let q(s) = s**2 + 61*s - 3453. Calculate q(-97).
39
Let p(z) = -22763*z - 136572. Determine p(-6).
6
Let j(g) = 25*g**3 - 142*g**2 - 50*g - 92. Determine j(8).
3220
Let h(d) = -d**2 - 1796*d + 66012. Determine h(36).
60
Let w(f) = -f**3 + 155*f**2 - 1039*f + 568. What is w(148)?
124
Let c(z) = 9*z**2 + 645*z - 222. What is c(0)?
-222
Let j(n) = 16321*n - 440682. Calculate j(27).
-15
Let v(n) = -13825*n + 483832. Give v(35).
-43
Let h(d) = d**3 - 30*d**2 - 1386*d - 288. Determine h(-25).
-13
Let k(d) = 78*d**3 - 172*d**2 + 7*d - 3. Determine k(4).
2265
Let w(d) = -489982*d - 5389806. Calculate w(-11).
-4
Let v(z) = 60371*z - 120501. Determine v(2).
241
Let s(i) = 6*i**3 + 1296*i**2 - 82*i - 17724. What is s(-216)?
-12
Let c(b) = -8*b**3 + 295*b**2 - 3330*b + 124565. What is c(37)?
-14
Let r(s) = 43247*s - 432379. Give r(10).
91
Let y(d) = -d**2 + 4*d + 831. Determine y(-27).
-6
Let z(n) = 25*n**2 - 150*n - 83. Calculate z(7).
92
Let x(q) = q**3 - 8*q**2 - 105*q + 1075. Determine x(15).
1075
Let r(k) = 10*k**3 + 3014*k**2 - 1838*k - 7856. Calculate r(-302).
-4
Let r(v) = 893*v - 86529. Determine r(97).
92
Let t(r) = 94*r**2 - 1310*r - 62. What is t(14)?
22
Let k(w) = 177*w + 31758. Determine k(-180).
-102
Let s(b) = -401864*b - 4018625. Give s(-10).
15
Let q(l) = 1516*l + 4717. What is q(-6)?
-4379
Let h(d) = 4191*d - 38150. What is h(9)?
-431
Let x(c) = -2*c**3 - 831*c**2 - 8496*c + 3630. What is x(-405)?
-15
Let d(k) = 2*k**3 + 115*k**2 - 332*k + 5636. Give d(-61).
-159
Let z(j) = 85*j + 3228. Give z(-6).
2718
Let g(i) = 18905*i + 8620676. Give g(-456).
-4
Let b(f) = -216*f - 5701. Determine b(-14).
-2677
Let y(t) = 1914*t + 67204. What is y(-35)?
214
Let r(l) = 76*l**2 - 1249*l + 530. Determine r(16).
2
Let f(v) = 1755*v - 9634. What is f(6)?
896
Let l(d) = -42*d**2 - 2409*d - 43. Give l(-56).
3149
Let v(m) = -m**3 + 80*m**2 + 253*m + 79. Give v(83).
411
Let i(m) = -16931*m - 118509. Give i(-7).
8
Let h(u) = 748779*u + 748774. Give h(-1).
-5
Let s(m) = 64*m**2 - 21289*m - 29059. Give s(334).
-1
Let g(a) = -240*a - 6279. What is g(-27)?
201
Let n(o) = o**2 - 75903*o - 1518511. Determine n(-20).
-51
Let v(a) = -934*a - 37269. Give v(-38).
-1777
Let o(l) = 2*l